 z(r).
2, 7, 17
Let n(j) = 40*j**3 - 4*j**2 - 3*j - 27. What are the prime factors of n(4)?
3, 7, 13
Suppose 5*h = -21*p + 16*p + 16430, 0 = -4*h - 2*p + 13148. List the prime factors of h.
2, 3, 137
Let x(n) = n**3 - n**2 - 1. Suppose 45 + 19 = 2*u. Let p = u + -28. List the prime factors of x(p).
47
Let q = -6 + 10. Suppose -3*p + 199 = z - 0*z, q*z - 2*p = 824. What are the prime factors of z?
5, 41
Suppose 3*h = h + 6. Suppose -5*f - 3 = -y, h*f = -3*y + f + 60. What are the prime factors of y?
2, 3
Let k(t) = -t**3 - 3*t**2 + 4*t - 8. Let d be k(-7). Suppose -d = -0*q - 8*q. What are the prime factors of q?
2, 5
Let i be (-260)/(-30) - (-4)/(-6). Suppose -r + i = -37. What are the prime factors of r?
3, 5
Let h(v) = -22*v**2 - 6*v - 1. Let c(q) = -43*q**2 - 11*q - 2. Let f(j) = -3*c(j) + 5*h(j). List the prime factors of f(-1).
17
Let y = 345 + -118. List the prime factors of y.
227
Suppose 3*w + 4*b - 4 = -w, -5*b - 3 = -3*w. Let n be (-9)/(w/((-42)/9)). Suppose g + 2*g = n. What are the prime factors of g?
2, 7
What are the prime factors of (-5298)/(-4)*28/21?
2, 883
List the prime factors of 23426/18 + ((-15)/(-27) - 1).
1301
Let v = -259 - -264. Suppose 94 = 2*a - 124. Suppose -19 = v*z - a. What are the prime factors of z?
2, 3
Suppose -13*c + 8200 = 816. List the prime factors of c.
2, 71
Suppose 2*u = 2*t + 31 - 81, 3*t + 60 = -2*u. Let g = u + 46. Let q = g - -37. What are the prime factors of q?
2, 7
Suppose -n - n - 26 = 0. Let a = 16 + n. List the prime factors of -6 + a + 14/2.
2
Suppose -5*j + 9*r - 6*r + 6818 = 0, -j - 3*r + 1360 = 0. List the prime factors of j.
29, 47
Let u = -74 + 33. Let t = 113 + u. Suppose p - t = -p. What are the prime factors of p?
2, 3
Let l = 367 + -143. Suppose 2*h - 47 = -3*t + l, -t = -5*h + 686. List the prime factors of h.
137
Suppose 431 + 1645 = 4*q. What are the prime factors of q?
3, 173
Suppose 0*s + 2*d - 18 = 4*s, -2*s - 11 = -3*d. What are the prime factors of 55 - (-3 + s - -4)?
2, 29
Let c(f) = -9*f + 18. Let w(t) = -3*t + 6. Let z(l) = 4*c(l) - 11*w(l). List the prime factors of z(-6).
2, 3
Suppose -4*h + 53 = 4*x - 3*h, 43 = 2*x - 5*h. Let c = x + 2. Suppose g - c - 9 = 0. List the prime factors of g.
5
Let d(z) = -z**2 + 27*z - 41. Let c be d(25). Let m(j) = 49*j - 98. What are the prime factors of m(c)?
7
Suppose -10*k - 535 = -15*k. Let u = -104 + k. List the prime factors of u.
3
Let n(q) = -9*q**3 + q**2 - q - 3. List the prime factors of n(-1).
2
Let c = -3 - -10. Suppose 2*i = -c + 41. What are the prime factors of i?
17
Let i(u) = u**3 - 14*u**2 + 11*u - 6. Let z be i(17). Suppose 0 = -4*k - 3*v + z, -2*v = 4*k - 175 - 869. List the prime factors of k.
7, 37
List the prime factors of 289/((-80)/(-15) - 5).
3, 17
Suppose 0*h - 5*p = 5*h - 3085, -5*p - 3045 = -5*h. List the prime factors of h.
613
Suppose -8 - 20 = -7*q. Suppose -78 + 14 = -q*o. What are the prime factors of o?
2
Let j(h) = 6*h - 13. What are the prime factors of j(7)?
29
Let g be (-3 + 18/4)/(9/(-696)). Let c = 247 + g. List the prime factors of c.
131
Suppose 31575 = 42*n - 91317. What are the prime factors of n?
2, 7, 11, 19
Let s(y) = 28*y - 10. Let i be s(4). What are the prime factors of 3 + 42/(-15) - i/(-15)?
7
Suppose 4*f - 437 = 583. Suppose -5*l = -f - 20. List the prime factors of l.
5, 11
Let n(v) = -v**3 - v**2 + v + 2. Let u be n(-2). Let y be (u + -1)*(-2)/(-2). Suppose -y*h = -48 - 48. What are the prime factors of h?
2
Let o(t) be the third derivative of -25*t**4/24 + t**3/3 - 3*t**2. What are the prime factors of o(-2)?
2, 13
Suppose 0 = 4*b - 3*m - 1010, 0 = -6*b + 4*b + 4*m + 510. What are the prime factors of b?
251
Let s(w) = -88*w - 30. List the prime factors of s(-3).
2, 3, 13
Suppose 0 = -10*y + 65 + 2005. List the prime factors of y.
3, 23
Let q = 24 - 11. Let b be 13/(-4) - q/(-52). Let g(i) = -21*i. List the prime factors of g(b).
3, 7
Suppose -2203 - 194 = -d - 2*t, -2*d + 3*t + 4766 = 0. What are the prime factors of d?
2389
Suppose 454 = 2*c - 4*p, -4*c + 1440 - 532 = -3*p. Suppose 121 + c = 2*x. What are the prime factors of x?
2, 3, 29
Let l = 1 + -22. Let x = -18 - l. Suppose -140 = -4*y - 2*t, x*y - t = -y + 128. List the prime factors of y.
3, 11
Let b(t) = -t**2 - 16*t + 3. Let q be b(-8). Suppose f + 4*f = -3*n + q, 12 = 3*n. List the prime factors of f.
11
Suppose 3*c = -0*h + 2*h + 19, -31 = -2*c + 5*h. Let l be (c + 0)/(33/110). Let g = l - 3. What are the prime factors of g?
7
Let l(c) = c**3 + c**2 - c + 93. Let b be l(0). Let h be -6 + 4 + 411/3. Let r = h - b. What are the prime factors of r?
2, 3, 7
Suppose 0*p - 3*p = 5*r - 87, 3*p = -4*r + 72. Let f = 98 - r. List the prime factors of f.
83
Let u = 212 - 125. Let r = u - 63. What are the prime factors of r?
2, 3
Let m(a) = 6*a**3 - 5*a + 2. Let f(o) = o**3. Let d(c) = -3*f(c) + m(c). What are the prime factors of d(3)?
2, 17
Suppose 49 = 8*m - m. Suppose 380 = m*l + 30. List the prime factors of l.
2, 5
Let p be -2194*(-3)/(-30) + (-6)/10. Let s = -146 - p. List the prime factors of s.
2, 37
Let t(h) = 115*h - 229. What are the prime factors of t(6)?
461
Let q(h) = h**3 - 13*h**2 - 18*h - 27. What are the prime factors of q(17)?
823
Let u(o) = -10*o - 7. Let q = 29 + -33. Let v be -1 + (2 + -1)*q. List the prime factors of u(v).
43
Let m be -30*(11 + (0 - 0)). Suppose 1065*q = 1069*q + 40. What are the prime factors of (4/q)/(6/m)?
2, 11
Suppose -10*p + 4552 + 5398 = 0. What are the prime factors of p?
5, 199
Suppose -24213 + 5711 = -22*f. What are the prime factors of f?
29
Let h be (-322)/21 + 2/(-3). Let i be h/(-12)*(-4 - -10). Suppose -272 = -i*v + 4*v. What are the prime factors of v?
2, 17
Let p be (-336)/(-156) - 4/26. Suppose o + p*d - 3*d = 8, 0 = -4*d - 20. What are the prime factors of (40/6 + 1)*o?
23
Suppose -3*d = 2*g - 2155, 12*g - 9*g - 3260 = d. What are the prime factors of g?
5, 7, 31
List the prime factors of -1 + -3 + 331 - (2 + 1).
2, 3
Suppose 15 = -4*z - z. What are the prime factors of (z + 147)*(-4)/(-3)?
2, 3
Let w(a) = 2*a**3 - 22*a**2 - 9*a + 35. Let y be w(15). List the prime factors of (-3)/2*(y/(-12) - -3).
2, 13
Suppose -31 = -2*v - 163. List the prime factors of v/(-5)*160/24.
2, 11
Let d(r) = -262*r + 22. What are the prime factors of d(-2)?
2, 3, 7, 13
Let o be (-3)/(24/(-21) - -1). Suppose -r = r - 3*i - o, -5*i = 2*r + 19. Suppose m = -4*q + 83, r*q - 4*m = -8*m + 72. List the prime factors of q.
2, 5
Let x(h) = 1852*h**2 + 7*h + 2. List the prime factors of x(-1).
1847
Let j = 8 - 2. Let y be 18/4*j/(-3). What are the prime factors of 3*(-1)/(y/84)?
2, 7
Let f = 782 - 219. What are the prime factors of f?
563
Let j be (-3 - 0 - -5) + 1. List the prime factors of j/24 - (-654)/16.
41
Suppose -10 = -5*a, -3*h - 2*a = -0*h - 19. Suppose h*o + 3*o - 904 = 0. What are the prime factors of o?
113
Suppose 58*m + 25507 - 87045 = 0. What are the prime factors of m?
1061
What are the prime factors of -5*((-7731)/20 - 55/44)?
7, 277
Let i(l) be the second derivative of l**4/6 - l**3 + 5*l**2/2 - 14*l. List the prime factors of i(8).
5, 17
Suppose -12*d - 12 = 12. What are the prime factors of (3/((-9)/d))/(26/7839)?
3, 67
List the prime factors of (-13)/((-13)/506) - 6.
2, 5
Let n(s) = -4*s - 19. Let d be n(-6). Suppose -5*m - 2*x + 271 = -294, -4*m + 469 = d*x. List the prime factors of m.
3, 37
Let q be ((-26)/(-6))/(2/(-96)). Let k = -144 - q. Suppose 26 = 5*p - k. List the prime factors of p.
2, 3
Let y = -1397 + 4441. List the prime factors of y.
2, 761
Suppose 25990 + 17710 = 46*x. What are the prime factors of x?
2, 5, 19
Let d(v) = 90*v**2 - 90*v - 508. What are the prime factors of d(-7)?
2, 11, 103
Suppose 0 = -55*s + 43*s + 14796. What are the prime factors of s?
3, 137
Let x be ((-2)/4)/((-3)/30). Suppose -5*q - x*n + 30 = 0, -2*q - 4*n + 25 = 3. List the prime factors of (-712)/(-12) - q/3.
59
Let b(h) = -3*h - 33 - h**2 + 49 - 26 + 0*h. Let c be b(-5). Let a = 4 - c. What are the prime factors of a?
2, 3
Suppose -27716 = -14*d - 7486. What are the prime factors of d?
5, 17
Let a(d) = d**2 - 2*d - 7. Let n be a(5). Suppose -2*y - n = -126. What are the prime factors of y?
59
Let a = -80 + 84. Let t(r) be the first derivative of 2*r**3/3 - 3*r**2 + 6*r - 1. What are